*2 - 4. Let k be l(j). What is the units digit of (-1 - 2) + 2001/k?
4
Suppose -34987 + 54553 = 40*i - 62394. What is the units digit of i?
9
Suppose 5*c - 2*l - 2*l = 9, 4*l - 41 = -5*c. Suppose -c*k + 7*k = 464. What is the units digit of k?
2
Suppose 4*d = 153*c - 149*c + 161696, -c - 161699 = -4*d. What is the units digit of d?
5
Let v(g) = 15*g - 146. Let p be v(9). What is the tens digit of 1/p*-7753 + 46/253?
0
Let v(i) = i**3 + 14*i**2 + 21*i + 13. Let m be (-164)/12 - (4 - (-28)/(-6)). Let q be v(m). Let j = q + 118. What is the tens digit of j?
2
Let a = 671 + -569. Let u = 906 - a. What is the units digit of u?
4
Suppose 70*b = 75*b - 195. Let q be (-11 + 7)*(-78)/(-8). Let v = b - q. What is the tens digit of v?
7
Let d(k) = k**3 - 9*k**2 + 13*k + 13. Let g be d(7). What is the hundreds digit of ((-21)/2)/(g/(-288))?
5
Let y(f) = 1816*f + 5321. What is the units digit of y(16)?
7
Let c(s) = -s**3 - 11*s**2 + 5*s - 3. Let i be c(-8). Let p = i + 391. Suppose r + 2*a = 50, -p - 96 = -4*r + 5*a. What is the tens digit of r?
5
Let m(d) = -3*d**3 - 6*d**2 + 11*d - 10. Let k be m(5). Let b = -152 - k. Let j = b + -126. What is the units digit of j?
2
Suppose -926 = -o - 4*v, -4*v = -3*v + 5. Suppose 7*m = -2*f + 4*m + o, 4*f + 2*m = 1892. What is the tens digit of f?
7
What is the thousands digit of (82/(-8) + 1)/((-35)/69720)?
8
Let q(y) = 18*y**3 + y**2 - 2*y - 2. Let i be q(4). What is the tens digit of (52/(-78))/((-2)/i)?
8
Let x(j) be the first derivative of -j**5/60 - 11*j**4/12 - 19*j**3/6 - 6*j**2 + 3. Let f(a) be the second derivative of x(a). What is the tens digit of f(-14)?
9
Suppose -w - 4 = 4*a, -2*a - 4*w - 2 = w. Let u be (a - 1)/((-16)/80). Let i(f) = f**3 - 10*f**2 + 9*f - 15. What is the units digit of i(u)?
5
Let o = -28 - -30. Let x(u) = -107*u**2 + o - 2 + 3 + 108*u**2 - 5*u. What is the tens digit of x(-7)?
8
Let j(w) be the second derivative of 55*w**3/6 - 11*w**2/2 + 42*w + 1. What is the units digit of j(23)?
4
Let f(k) be the first derivative of -k**3/3 + 31*k**2/2 + 60*k + 17. What is the hundreds digit of f(20)?
2
Suppose t + 622 = 4*w, 0 = -2*w + t - 6*t + 322. Let g be (3/(-2))/((18/w)/(-1)). Let h(x) = 3*x**2 - 26*x - 28. What is the units digit of h(g)?
1
Let x(d) = -7*d**2 + 4*d - 9. Let o be ((-9)/(-18))/(1/6). Let i(m) = 6*m**2 - 3*m + 9. Let r(q) = o*x(q) + 4*i(q). What is the tens digit of r(-5)?
8
Let q be (-1 - 0 - 0)/(7 - 6). What is the units digit of q + -1 - 391/(-17)?
1
Let a = 6285 - 1847. What is the hundreds digit of a?
4
Let a(s) = 3*s**2 - 18*s. What is the thousands digit of a(49)?
6
Suppose -i + 3 + 0 = 0. Suppose 0 = i*r - 51 + 45. Suppose 3*c = 5*h + 273, -r*c + h = -3*c + 99. What is the units digit of c?
6
Let c = 28363 - 22302. What is the hundreds digit of c?
0
Suppose 5*c = 5, 12*q - 7*q + 2*c = 14657. Suppose 5*y + q = 8886. What is the units digit of y?
1
Let l = -31 - -36. What is the units digit of 4*7641/36 - l?
4
Let p = 39341 - 16089. What is the thousands digit of p?
3
Let g = 129 + -66. Suppose 4*x - 5*t - 267 = 204, -2*x + 235 = -3*t. Let q = x - g. What is the tens digit of q?
5
Let u be ((-15)/4 + 3)*(-64)/24. What is the tens digit of (-16362)/108*(4/(-3))/u?
0
Suppose b + 20 = 6*b. Suppose b*d + 6 = 22. What is the tens digit of (6/9)/(d/432)?
7
Let f be (0/(-2))/(-2 + 1). Suppose f = -5*t + 3*y - 1635, 3*t + y + 319 = -676. What is the tens digit of 220*((-336)/t + (-4)/(-22))?
6
Let i(b) = 58*b**3 + 4*b**2 + 12*b - 84. What is the thousands digit of i(4)?
3
Let b(t) = 5*t**3 + 2*t**2 - 6*t - 22. Let u be b(-5). Let k = -151 - u. What is the tens digit of k?
1
Let c(f) be the first derivative of 6*f + f**3 - 13 - 5/2*f**2. What is the units digit of c(5)?
6
Let q(n) = 10*n**3 - 13*n**2 + 35*n + 5. What is the hundreds digit of q(11)?
1
Let r = -178 - -180. Suppose r*z = 4*y + 182, -2*z + 2*y + 172 = -0*z. What is the tens digit of z?
8
Let o(k) = 9*k + 2. Let s be o(0). Suppose -s*b + 1277 + 1183 = 0. What is the tens digit of b?
3
Suppose -4*o - d + 32391 = 0, -4*d - 32376 = 23*o - 27*o. What is the thousands digit of o?
8
What is the hundreds digit of (-665898)/(-203) - (-2 - 16/(-7))?
2
Suppose 15*r - 135082 = -73*r + 555366. What is the hundreds digit of r?
8
Let j(x) = 24*x**2 - 51*x + 24. What is the tens digit of j(14)?
1
Let o be 7*(-1 + 0/(-3)). Let m be (o*3)/(-1*(-3)/(-2)). Suppose m = v - 114. What is the hundreds digit of v?
1
Suppose 0 = -2*n - 1034 + 1032, -3*y - 2*n = -86962. What is the ten thousands digit of y?
2
Let g = 102 + 11992. What is the ten thousands digit of g?
1
Suppose n + 14 = 55. Let s = n - 41. Suppose -u + 3*u - 50 = s. What is the units digit of u?
5
Suppose 13*v - 5217 = 5664. Let s = v - 404. What is the units digit of s?
3
Suppose 10240 = 8*m + 8*m. Suppose -m = 7*x - 2719. What is the units digit of x?
7
Let y = -423 - -6210. What is the thousands digit of y?
5
Suppose -9*q = -20*q. Suppose 18*j - 12*j - 1092 = q. What is the units digit of j?
2
Let n(m) = m**3 + 3*m**2 + 2*m - 2. Suppose 0 = -5*v - 9 - 1. Let j be n(v). What is the units digit of 7/42 - (j - 910/12)?
8
Let v be 1*(9 + 3) + (-2 - 0). Let t = v + -1. Suppose 560 = z + t*z. What is the tens digit of z?
5
Let m = 31 + -42. Let k(r) = -r**3 - 14*r**2 + 25*r - 12. Let c be k(-16). Let v = m + c. What is the tens digit of v?
8
Let z(h) = -37*h + 48. Let n be z(6). What is the tens digit of (-43)/(-6 + (-1038)/n)?
4
Suppose 640 = 2*s - 2760. What is the units digit of s?
0
What is the units digit of 23220/42*273/26?
5
Let n = 448 - 377. Suppose -n*w + 8008 = -57*w. What is the tens digit of w?
7
Let l(f) = 124*f - 706. What is the tens digit of l(12)?
8
Suppose f = -4*l + 3265, 4*f + 4*l = -0*f + 13084. Suppose -5*c - f = -4*p, 10*p - 7*p = 4*c + 2456. What is the units digit of p?
2
Let h = -127 - -142. Suppose 0*a + h*a - 1695 = 0. What is the tens digit of a?
1
Suppose -3*p = -6, -3*m = -2*p + 2846 - 23671. What is the units digit of m?
3
Suppose n = -5, -212 = -3*u - 4*n + 248. Suppose -75 = 6*m - m. Let k = m + u. What is the hundreds digit of k?
1
Let c = -311 - -323. Suppose 11*r + c*r = 7774. What is the hundreds digit of r?
3
Let t = 41 - 40. Suppose t = r - 23. Suppose -r*l = -21*l - 513. What is the tens digit of l?
7
Let i(b) = b**2 - 2. Let x = -14 - -3. Let m be i(x). Let f = -68 + m. What is the tens digit of f?
5
Let g(u) = u**2 + 24*u + 47. Let y be g(-2). What is the units digit of 417*(-5)/(-15)*(y + 2)?
5
What is the units digit of ((-12)/54)/(3 - (-450800)/(-150264))?
4
Suppose -37810*k + 37850*k - 908200 = 0. What is the ten thousands digit of k?
2
Let m(h) = 2*h**3 + 19*h**2 + 11*h + 96. Let t(a) = -2*a**3 - 22*a**2 - 11*a - 97. Let y(u) = -7*m(u) - 6*t(u). What is the hundreds digit of y(-8)?
9
Let t = 9372 - 6283. What is the tens digit of t?
8
Suppose 5*v + 113224 = 5*x - 121456, -2*x + 5*v = -93860. What is the ten thousands digit of x?
4
Let g(f) = 851*f + 1046. What is the units digit of g(10)?
6
Let g = -948 - -966. What is the tens digit of (-5526)/36*g/(-3)?
2
Let p be ((-18)/(-8))/((-6)/(-1992)). Let x be 1/(p/(-375) + 2). What is the units digit of (0 - -1)*(x - -13)?
8
Let j(w) be the first derivative of -51*w**2 + 80*w + 68. What is the tens digit of j(-8)?
9
Let r be (4 + -1)/((-15)/(-20)). What is the tens digit of (-2 + r)*191 - 1/(-1)?
8
Let o(j) = 1871*j**2 + 17*j - 39. What is the thousands digit of o(2)?
7
Let r be (-2)/(8 + (-294)/35). Suppose -r*y - 1845 = -5*q, 5*q - 1885 = -59*y + 54*y. What is the units digit of q?
3
Suppose -15*j + 1830346 = 33*j + j. What is the hundreds digit of j?
3
Let h(m) = 2*m**3 - 25*m**2 - 53*m - 139. What is the units digit of h(19)?
7
Let s = 16 + 24. Suppose -8 + s = 4*f. Suppose -37 = -f*l + 499. What is the units digit of l?
7
Suppose 4*u + 4304 = o, 3458 + 841 = o - 3*u. What is the units digit of o?
4
Suppose 9*i = 13*i + 7*r - 15658, -7826 = -2*i - 4*r. What is the thousands digit of i?
3
Let c(h) = -h - 38. Let j be c(-16). Let d be 6/33 - (-4)/j. Suppose 2*k - 128 - 6 = d. What is the units digit of k?
7
Suppose 93997 + 198423 = 4*l - 2*j, 292408 = 4*l + 4*j. What is the tens digit of l?
0
What is the tens digit of 82/5*2755/58?
7
Suppose 76*t + 116*t - 196392 = 45*t. What is t